*z**2. Let k be d(4). Let m(v) = v**2 + v + 15. Calculate m(k).
15
Let u(g) be the second derivative of g**3/6 - 13*g**2/2 + 209*g. Let k be ((-9)/(-30))/(6/10)*20. Determine u(k).
-3
Let o(c) be the first derivative of 3*c**3 - c + 105. Suppose 3*l - 1 = -4. What is o(l)?
8
Let i(u) = 9*u**3 + 6*u**2 + 13*u. Let x(l) = -5*l**3 - 4*l**2 - 8*l. Let s(q) = -3*i(q) - 5*x(q). Suppose -4*k + 4 = -4. Give s(k).
-6
Let r(k) = -k - 8. Let u be (-180)/24*-1*(2/5)/1. Calculate r(u).
-11
Let p = 3967 + -3975. Let t(j) = -j**2 - 13*j - 35. Calculate t(p).
5
Let c(f) = 18*f - 36. Let s(b) = -21*b + 36. Let t(x) = -6*c(x) - 5*s(x). Let z be t(10). Let i(o) be the first derivative of 2*o**2 - 4*o + 2. Calculate i(z).
20
Let s = 1367 + -1362. Let o(y) = y**3 + 5*y**2 - 3*y + 7. Let f(a) = -a**3 + a. Let i(l) = -2*f(l) - o(l). Determine i(s).
-2
Let c(u) = u**2 - 2*u - 6. Suppose -n + 6 = -30. Suppose -35*q - 3 = -n*q. Give c(q).
-3
Let o(k) = -2*k - 16. Let r be 5829/(-580) - 7/(-140). Calculate o(r).
4
Let m(n) = -1 - n**2 - 12 - 119*n + 215*n - 115*n. Calculate m(-10).
77
Suppose a + a + 2*v = -20, 38 = -3*a - 5*v. Let w(x) = -x**3 - 7*x**2 - 7*x - 1. Let b be w(a). Let t(n) = 2*n + 7 + b + 0. Calculate t(-8).
-4
Suppose -5*l = -4*l - 2*l. Suppose -p - 5*y - 22 = l, -9*y = -8*y + 4. Let a(m) = 8*m**2 + 2*m - 1. Give a(p).
27
Let y be 0 + (0 - 1/(5/(-2) - -3)). Let z(x) = 2*x**3 + 5*x**2 + 6*x + 4. Give z(y).
-4
Let s(p) = -3*p + 2. Let v = 67 + -64. Suppose 12 = v*d + 6. Give s(d).
-4
Suppose -1 = 6*g - 37. Suppose -4 = -2*l, 0 + g = 2*f + l. Suppose -f*w = -w. Let a(x) = -x**2 - x + 9. Determine a(w).
9
Let d(o) = -4*o - 1. Let q = 330 - 321. Let a(z) = -17*z - 4. Let m(g) = q*d(g) - 2*a(g). Determine m(-4).
7
Let g be 72/(-28)*(-2 + 1)*-7. Let l be ((-102)/(-4))/(g/(-36)). Let b(q) = l*q**2 + q**3 + 3*q - 53*q**2 - 2 - 6*q. Give b(4).
18
Suppose -2*g + 6 + 2 = 0. Let m(c) = 0 - c + g + c + c. Let n be 4/7*(-7)/3*3. What is m(n)?
0
Let f(c) = 920 - 288 - 676 + 4*c. Give f(-11).
-88
Let z = 55 - 52. Let a(n) be the third derivative of 0*n + 0*n**3 - 1/120*n**6 - 30*n**2 - 1/12*n**4 + 1/20*n**5 + 0. Determine a(z).
-6
Let x be ((-275)/15)/5 + 1/(-3). Let m(j) = -j**3 - 6*j**2 - 3*j + 4. What is m(x)?
-16
Let z(p) = 12*p**2 - p - 3. Let l(v) = v**3 + 9*v**2 - 15*v - 47. Let b be l(-10). Give z(b).
102
Let g be (-1)/((-1)/2*-2). Let q be (-3328)/64*(-1)/2. Let n(j) = -1 + 1 + 5*j**2 - 46*j + q*j + 21*j. Determine n(g).
4
Suppose 2*q - 3 = -g, 767*q - g - 3 = 763*q. Let s(f) = f**3 - f**2 + 2*f - 1. Let t(y) = -y**3 + 2*y**2 - 3*y + 1. Let a(z) = -3*s(z) - 2*t(z). What is a(q)?
-1
Let y be 0 - ((-4 - -16)/6 + (-68)/4). Let l(z) = -7*z + 62. Give l(y).
-43
Let c(k) be the second derivative of k**6/120 + k**5/15 - 5*k**4/24 - k**3/3 + 97*k**2/2 + 30*k. Let r(v) be the first derivative of c(v). What is r(-3)?
22
Let c(i) = -i**2 + i - 2. Let z(q) = -2*q**2 + q - 7. Let f(r) = -3*c(r) + z(r). Let w be 0 + 2 + (0 - -2). Suppose -4*n - w = -0. Determine f(n).
2
Let n(p) = -p**3 - 13*p**2 + p + 4. Let t be n(-13). Let i(y) be the first derivative of -y**3/3 - 4*y**2 - 12*y - 22. What is i(t)?
-21
Let f(a) = -a - 2. Let t(k) = -k**2 - 31*k + 410. Let w be t(-41). Calculate f(w).
-2
Let q(g) = -8*g - 6*g - 33*g + 41 + 0*g - 17*g**2 + g**3 + 6*g. Give q(19).
-16
Let f(i) be the first derivative of -i**3/3 + i**2 - 3*i + 1. Suppose -180 = -q - 3*a - 41, -2*a + 136 = q. Let n = q + -126. Give f(n).
-11
Suppose 23*f - 24*f - 3 = 0, 3*s = -2*f + 3. Let q(c) = c + 9. What is q(s)?
12
Let z(j) = 3*j**2 + 147367*j - 5*j**2 - 147394*j - 64. What is z(-11)?
-9
Let w(q) = 3*q + 5. Let s = -176 + 196. Suppose 2*b = -2*l - 2, 6*l = 2*l - s. Give w(b).
17
Let o(h) = -7*h - 8. Suppose -334*t + 12 = -338*t. Determine o(t).
13
Let h be 4 - (-1)/((-1)/2). Let b(g) = -5*g + 3 - 6*g + 20*g + 4*g. Let w(k) = -4*k - 1. Let r(o) = h*b(o) + 7*w(o). Calculate r(1).
-3
Suppose 25*g - 21*g - 5*x - 45 = 0, x = 4*g - 41. Suppose -7*t + 5*t - g = 0. Let b(l) = -3*l - 15. Determine b(t).
0
Let w(u) be the first derivative of -82 - 3*u**2 + 6*u + 1/3*u**3. Give w(4).
-2
Let c be (-1)/(-3) + (-69)/(-9). Let j be (7/14 + 0)*c. Let b(u) = 6*u + 3. Give b(j).
27
Let k(i) = 3*i**2 - 4*i + 3. Suppose -4*s = a + s + 37, 0 = a - 3*s + 29. Let h(c) = 5*c - 4. Let b be h(-6). Let z = a - b. Determine k(z).
7
Let x(f) = -f - 13. Let j(g) = g**3 - 11*g**2 + 19*g - 19. Suppose -17*s + 47 + 106 = 0. Let i be j(s). Give x(i).
-3
Suppose 1 - 6 = 5*z - 5*x, -2*x - 4 = -5*z. Let y(g) = -3 + 10*g + z - 2 - 466*g**2 + 465*g**2. What is y(8)?
13
Let w be (-8)/32*6/(-9)*114. Let v(d) = d**3 - 23*d**2 + 73*d + 60. Give v(w).
3
Let x(h) = -19*h**2 + 34*h - 19. Let t(l) = -11*l**2 + 41*l - 43*l - 10*l**2 + 24*l**2. Let m(v) = -6*t(v) - x(v). Determine m(21).
-2
Let m = 622 - 224. Suppose -396*u + 8 = -m*u. Let j(x) = x**2 + 8*x + 8. Determine j(u).
-8
Suppose -5*c = 12*r - 7*r - 45, 2*c = 4*r + 6. Let h(o) = 2*o**3 - 8*o**3 + 55*o - 46*o + c*o**3 - 6 - 7*o**2. Calculate h(6).
12
Let y(c) = -2*c**3 - 8*c**2 + 24*c + 70. Let b be y(-5). Let i(l) be the third derivative of 4*l**2 + 13/6*l**3 + b*l + 0 - 1/24*l**4. Determine i(9).
4
Let k(g) = g**3 - 60*g**2 - 328*g + 190. Let m be k(65). Let h(p) = 37*p + 167. Calculate h(m).
-18
Let h(q) = -2*q + 15. Let w(s) = -90*s - 4 + 91*s + 1. Let k(i) = -h(i) - w(i). Calculate k(0).
-12
Suppose -2*s - 86 = -17*q, 4*q + s - 105 = -98. Let r(v) = 7*v**2 - 14*v + 8. Give r(q).
64
Let r(a) be the first derivative of -5*a**4/2 - a**3/3 - a**2 - a + 643. Determine r(-2).
79
Let y = 42 + -40. Let a(g) be the second derivative of -g**3/2 + 40*g + 2. Give a(y).
-6
Let n(p) = -6863*p + 27436*p - 6864*p - 6859*p - 6858*p - 24. Determine n(-4).
8
Let b(q) = -14*q**2 + 2 + 3 - 3 + 4 + 5*q**2 - 116*q. Determine b(-13).
-7
Let k(m) = m**3 - 3*m**2 - 3*m - 5. Let w be (0 - (-102)/(-4))*(-10 - -6). Suppose 0 = -8*c + 25*c + w. Let v = c + 10. Calculate k(v).
-1
Let t = 202 + -214. Let k(q) = q + 35. Give k(t).
23
Let d(z) be the second derivative of -z**5/20 - z**4 - 2*z**3 - 7*z**2/2 - 1780*z. Suppose -4*y + 56 = i - 5*i, -12 = -4*y. Determine d(i).
4
Suppose y - 13 = -t, -5*t + t = -y - 47. Suppose -6*c + 10*c - t = 0. Let q(m) = 8*m**2 - 60*m**c - 3 + 33*m**3 + 28*m**3 - 2*m. Give q(-8).
13
Let s(t) = 3*t - 1. Let p be s(-1). Let v(z) = 6*z + 0*z - 1323 - 1307 + 2630 + 4*z. Determine v(p).
-40
Let r(c) = c + 2. Let k be r(-5). Let y(p) be the third derivative of 33*p**2 - 3*p + 1/4*p**4 + 1/3*p**3 + 0. Give y(k).
-16
Let b(v) be the third derivative of -v**4/24 - 4*v**3 - 259*v**2. What is b(-10)?
-14
Let k(x) be the second derivative of -x**4/12 + 13*x**3/6 + 627*x + 3. Determine k(10).
30
Let s(q) = -q**2 + 13*q - 25. Let c be s(2). Let t = 8 + -10. Let r(y) = -y**3 + 4*y**2 - 6. Let x(h) = -h**3 - 1. Let g(i) = t*x(i) + r(i). Give g(c).
5
Let q(a) be the third derivative of -a**4/24 + a**3/2 + 2*a**2. Let u(d) = 15*d + 930. Let z be u(-62). What is q(z)?
3
Let i(h) be the third derivative of -h**6/60 + h**5/10 - h**4/12 - h**3/2 - 1419*h**2. Calculate i(3).
-9
Let j be (-4 - 1/(2/(-4)))/(30/(-45)). Let p(g) = -7*g + 7. What is p(j)?
-14
Let y(n) = -12 - 6 + 14 - n**3 + n. Suppose 3*b + 5*m - 18 + 8 = 0, -5*b = m - 2. Determine y(b).
-4
Let n(x) = 2*x + 8. Let w be n(-5). Let t be -2 + (-6)/(w - 1). Let g(j) be the first derivative of -j**3/3 + j**2/2 + 8*j - 155. What is g(t)?
8
Let q = 46 - 48. Let h be ((1 - -3)/q)/(34/(-119)). Let t(g) = -g**2 - 11*g - h*g + 28*g + 4 - 5*g. Calculate t(6).
-2
Let f(n) = 64*n**2 - 20*n + 61. Let m(c) = -7*c**2 - 2. Let k(q) = -f(q) - 9*m(q). What is k(17)?
8
Let k(a) be the first derivative of 9*a**2/2 + 5*a + 119. Let x(j) = -7*j - 3. Let z(i) = 4*k(i) + 5*x(i). Calculate z(-6).
-1
Let n = 18060 - 18057. Let b(r) = r**3 - 8*r**2 + 14*r - 9. Calculate b(n).
-12
Suppose 3*f - 140 = -5*n, f - 4*n = 2*f - 56. Let j = f - 37. Suppose 3*o + 0*g - j*g - 18 = 0, -3*o - 4*g = 17. Let y(z) = -4*z - 1. Calculate y(o).
-5
Let t(v) be the first derivative of 7 + 2*v**2 + 2/3*v**3 + 0*v - 1/12*v**4. Let o(a) be the second derivative of t(a). Calculate o(3).
-2
Let v(g) = 3*g**2 - 10*g + 60. Let p(i) = i - 19. Let l(b) = 2*p(b) + v(b). What is l(3)?
25
Let b(t) = t**2 - 6